{"id":376,"date":"2018-08-19T13:38:37","date_gmt":"2018-08-19T11:38:37","guid":{"rendered":"http:\/\/www.turbos.cz\/?page_id=376"},"modified":"2018-08-19T13:38:37","modified_gmt":"2018-08-19T11:38:37","slug":"produkty","status":"publish","type":"page","link":"https:\/\/www.turbos.cz\/index.php\/cs\/produkty\/","title":{"rendered":"Produkty"},"content":{"rendered":"<p>Spole\u010dnost <strong>Turbos<\/strong>\u00a0se zam\u011b\u0159uje zejm\u00e9na na produkty spolehliv\u00fdch a celosv\u011btov\u011b p\u016fsob\u00edc\u00edch firem.<\/p>\n<p>Nab\u00edz\u00edme v\u00fdrobky a \u0159e\u0161en\u00ed zejm\u00e9na firmy <b>Zebra<\/b>\u00a0jej\u00ed\u017e v\u00fdrobky, a\u0165 u\u017e se jedn\u00e1 o\u00a0 <strong>sn\u00edma\u010de \u010di tisk\u00e1rny \u010d\u00e1rov\u00fdch k\u00f3d\u016f,<\/strong><strong>\u00a0mobiln\u00ed termin\u00e1ly<\/strong>\u00a0nebo <strong>RFID sn\u00edma\u010de, <\/strong>jsou absolutn\u00ed \u0161pi\u010dkou ve sv\u00e9m oboru.<\/p>\n<p>D\u00e1le dod\u00e1v\u00e1me produkty nap\u0159. spole\u010dnost\u00ed\u00a0<strong>MiTAC, Honeywell, DataLogic, Getac,\u00a0EKAHAU, AiRISTA Flow, RUCKUS<\/strong><\/p>\n<p>&nbsp;<\/p>\n<p>\u2666\u00a0 PRO \u010c\u00c1ROV\u00dd K\u00d3D<strong>\u00a0<\/strong><\/p>\n<p>\u2666\u00a0 PRO RFID<\/p>\n<p>\u2666\u00a0 PRO RADIOFREKVEN\u010cN\u00cd S\u00cdT\u011a<strong>\u00a0<\/strong><\/p>\n<p>\u2666\u00a0 PRO IDENTIFIKACI A LOKALIZACI<\/p>\n","protected":false},"excerpt":{"rendered":"<p>Spole\u010dnost Turbos\u00a0se zam\u011b\u0159uje zejm\u00e9na na produkty spolehliv\u00fdch a celosv\u011btov\u011b p\u016fsob\u00edc\u00edch firem. Nab\u00edz\u00edme v\u00fdrobky a \u0159e\u0161en\u00ed zejm\u00e9na firmy Zebra\u00a0jej\u00ed\u017e v\u00fdrobky, a\u0165 u\u017e se jedn\u00e1 o\u00a0 sn\u00edma\u010de \u010di tisk\u00e1rny \u010d\u00e1rov\u00fdch k\u00f3d\u016f,\u00a0mobiln\u00ed termin\u00e1ly\u00a0nebo RFID sn\u00edma\u010de, jsou absolutn\u00ed \u0161pi\u010dkou ve sv\u00e9m oboru. D\u00e1le dod\u00e1v\u00e1me produkty nap\u0159. spole\u010dnost\u00ed\u00a0MiTAC, Honeywell, DataLogic, Getac,\u00a0EKAHAU, AiRISTA Flow, RUCKUS &nbsp; \u2666\u00a0 PRO \u010c\u00c1ROV\u00dd K\u00d3D\u00a0 \u2666\u00a0<a href=\"https:\/\/www.turbos.cz\/index.php\/cs\/produkty\/\">[&#8230;]<\/a><\/p>\n","protected":false},"author":2,"featured_media":0,"parent":0,"menu_order":0,"comment_status":"closed","ping_status":"closed","template":"","meta":{"footnotes":""},"class_list":["post-376","page","type-page","status-publish","hentry"],"_links":{"self":[{"href":"https:\/\/www.turbos.cz\/index.php\/wp-json\/wp\/v2\/pages\/376","targetHints":{"allow":["GET"]}}],"collection":[{"href":"https:\/\/www.turbos.cz\/index.php\/wp-json\/wp\/v2\/pages"}],"about":[{"href":"https:\/\/www.turbos.cz\/index.php\/wp-json\/wp\/v2\/types\/page"}],"author":[{"embeddable":true,"href":"https:\/\/www.turbos.cz\/index.php\/wp-json\/wp\/v2\/users\/2"}],"replies":[{"embeddable":true,"href":"https:\/\/www.turbos.cz\/index.php\/wp-json\/wp\/v2\/comments?post=376"}],"version-history":[{"count":1,"href":"https:\/\/www.turbos.cz\/index.php\/wp-json\/wp\/v2\/pages\/376\/revisions"}],"predecessor-version":[{"id":377,"href":"https:\/\/www.turbos.cz\/index.php\/wp-json\/wp\/v2\/pages\/376\/revisions\/377"}],"wp:attachment":[{"href":"https:\/\/www.turbos.cz\/index.php\/wp-json\/wp\/v2\/media?parent=376"}],"curies":[{"name":"wp","href":"https:\/\/api.w.org\/{rel}","templated":true}]}}